e the prime factors of 811?
811
What are the prime factors of 1423?
1423
What are the prime factors of 1922?
2, 31
List the prime factors of 701.
701
What are the prime factors of 12789?
3, 7, 29
List the prime factors of 5320.
2, 5, 7, 19
List the prime factors of 30189.
3, 29, 347
List the prime factors of 63970.
2, 5, 6397
List the prime factors of 994.
2, 7, 71
What are the prime factors of 5110?
2, 5, 7, 73
List the prime factors of 1842.
2, 3, 307
What are the prime factors of 2216?
2, 277
List the prime factors of 1070.
2, 5, 107
List the prime factors of 996.
2, 3, 83
List the prime factors of 1974.
2, 3, 7, 47
What are the prime factors of 1102?
2, 19, 29
List the prime factors of 539.
7, 11
List the prime factors of 5905.
5, 1181
List the prime factors of 1585.
5, 317
What are the prime factors of 38293?
149, 257
What are the prime factors of 1083?
3, 19
What are the prime factors of 42216?
2, 3, 1759
What are the prime factors of 402?
2, 3, 67
List the prime factors of 11986.
2, 13, 461
What are the prime factors of 811?
811
List the prime factors of 371.
7, 53
List the prime factors of 76529.
103, 743
What are the prime factors of 2154?
2, 3, 359
What are the prime factors of 4987?
4987
List the prime factors of 4063.
17, 239
What are the prime factors of 1822?
2, 911
List the prime factors of 31544.
2, 3943
List the prime factors of 45645.
3, 5, 17, 179
List the prime factors of 100417.
100417
What are the prime factors of 1966?
2, 983
What are the prime factors of 907?
907
What are the prime factors of 1284?
2, 3, 107
List the prime factors of 39830.
2, 5, 7, 569
What are the prime factors of 8985?
3, 5, 599
List the prime factors of 29.
29
What are the prime factors of 41001?
3, 79, 173
List the prime factors of 2639.
7, 13, 29
What are the prime factors of 12055?
5, 2411
What are the prime factors of 22339?
89, 251
List the prime factors of 4978.
2, 19, 131
List the prime factors of 1502.
2, 751
What are the prime factors of 40757?
53, 769
What are the prime factors of 41330?
2, 5, 4133
List the prime factors of 353.
353
List the prime factors of 30353.
127, 239
What are the prime factors of 330?
2, 3, 5, 11
What are the prime factors of 3304?
2, 7, 59
What are the prime factors of 62244?
2, 3, 7, 13, 19
List the prime factors of 46240.
2, 5, 17
What are the prime factors of 17092?
2, 4273
What are the prime factors of 18701?
18701
List the prime factors of 8950.
2, 5, 179
List the prime factors of 8150.
2, 5, 163
What are the prime factors of 39637?
13, 3049
List the prime factors of 13599.
3, 1511
What are the prime factors of 39?
3, 13
List the prime factors of 287.
7, 41
What are the prime factors of 3258?
2, 3, 181
What are the prime factors of 14308?
2, 7, 73
List the prime factors of 3665.
5, 733
List the prime factors of 1020.
2, 3, 5, 17
What are the prime factors of 54712?
2, 7, 977
List the prime factors of 8413.
47, 179
List the prime factors of 2754.
2, 3, 17
List the prime factors of 15315.
3, 5, 1021
What are the prime factors of 14890?
2, 5, 1489
List the prime factors of 15167.
29, 523
What are the prime factors of 2417?
2417
List the prime factors of 3022.
2, 1511
What are the prime factors of 69713?
7, 23, 433
What are the prime factors of 15171?
3, 13, 389
What are the prime factors of 13239?
3, 1471
What are the prime factors of 7825?
5, 313
What are the prime factors of 31378?
2, 29, 541
List the prime factors of 523.
523
What are the prime factors of 6797?
7, 971
List the prime factors of 71325.
3, 5, 317
What are the prime factors of 1082?
2, 541
List the prime factors of 2397.
3, 17, 47
List the prime factors of 2991.
3, 997
What are the prime factors of 1249?
1249
List the prime factors of 1115.
5, 223
List the prime factors of 159733.
7, 19, 1201
List the prime factors of 159.
3, 53
List the prime factors of 26004.
2, 3, 11, 197
List the prime factors of 1144.
2, 11, 13
List the prime factors of 15100.
2, 5, 151
List the prime factors of 16319.
16319
What are the prime factors of 1413?
3, 157
What are the prime factors of 270?
2, 3, 5
What are the prime factors of 13213?
73, 181
What are the prime factors of 266?
2, 7, 19
List the prime factors of 1805.
5, 19
List the prime factors of 28108.
2, 7027
What are the prime factors of 497?
7, 71
What are the prime factors of 7090?
2, 5, 709
List the prime factors of 7169.
67, 107
What are the prime factors of 948?
2, 3, 79
List the prime factors of 8270.
2, 5, 827
What are the prime factors of 43739?
191, 229
What are the prime factors of 4547?
4547
What are the prime factors of 2290?
2, 5, 229
List the prime factors of 5753.
11, 523
List the prime factors of 976.
2, 61
List the prime factors of 18727.
61, 307
List the prime factors of 5940.
2, 3, 5, 11
List the prime factors of 54914.
2, 27457
List the prime factors of 745.
5, 149
What are the prime factors of 3254?
2, 1627
What are the prime factors of 1921?
17, 113
What are the prime factors of 88736?
2, 47, 59
What are the prime factors of 652?
2, 163
What are the prime factors of 751?
751
List the prime factors of 1427.
1427
List the prime factors of 623.
7, 89
What are the prime factors of 4474?
2, 2237
What are the prime factors of 27738?
2, 3, 23, 67
What are the prime factors of 2088?
2, 3, 29
List the prime factors of 23838.
2, 3, 29, 137
List the prime factors of 612.
2, 3, 17
List the prime factors of 837.
3, 31
What are the prime factors of 17323?
17, 1019
What are the prime factors of 536?
2, 67
List the prime factors of 3555.
3, 5, 79
List the prime factors of 78435.
3, 5, 7, 83
What are the prime factors of 5292?
2, 3, 7
What are the prime factors of 30123?
3, 3347
List the prime factors of 31431.
3, 10477
What are the prime factors of 941?
941
What are the prime factors of 952?
2, 7, 17
List the prime factors of 1720.
2, 5, 43
What are the prime factors of 17346?
2, 3, 7, 59
List the prime factors of 19840.
2, 5, 31
List the prime factors of 83812.
2, 23, 911
List the prime factors of 12.
2, 3
List the prime factors of 4170.
2, 3, 5, 139
What are the prime factors of 2076?
2, 3, 173
List the prime factors of 105253.
105253
List the prime factors of 407.
11, 37
List the prime factors of 15361.
15361
List the prime factors of 2455.
5, 491
What are the prime factors of 9449?
11, 859
List the prime factors of 2065.
5, 7, 59
List the prime factors of 17801.
7, 2543
What are the prime factors of 138?
2, 3, 23
List the prime factors of 51.
3, 17
What are the prime factors of 710?
2, 5, 71
What are the prime factors of 3446?
2, 1723
What are the prime factors of 39345?
3, 5, 43, 61
What are the prime factors of 8736?
2, 3, 7, 13
What are the prime factors of 421?
421
List the prime factors of 67493.
67493
List the prime factors of 1047.
3, 349
List the prime factors of 35814.
2, 3, 47, 127
What are the prime factors of 691?
691
List the prime factors of 5636.
2, 1409
List the prime factors of 1599.
3, 13, 41
List the prime factors of 16665.
3, 5, 11, 101
What are the prime factors of 3396?
2, 3, 283
List the prime factors of 23781.
3, 7927
List the prime factors of 656.
2, 41
List the prime factors of 780.
2, 3, 5, 13
What are the prime factors of 1534?
2, 13, 59
List the prime factors of 32889.
3, 19, 577
List the prime factors of 4425.
3, 5, 59
What are the prime factors of 37492?
2, 7, 13, 103
What are the prime factors of 3827?
43, 89
List the prime factors of 2264.
2, 283
What are the prime factors of 69987?
3, 41, 569
List the prime factors of 109590.
2, 3, 5, 13, 281
What are the prime factors of 71595?
3, 5, 37, 43
List the prime factors of 2443.
7, 349
List the prime factors of 1049.
1049
List the prime factors of 22274.
2, 7, 37, 43
What are the prime factors of 69?
3, 23
List the prime factors of 284.
2, 71
What are the prime factors of 13871?
11, 13, 97
What are the prime factors of 4936?
2, 617
List the prime factors of 4408.
2, 19, 29
List the prime factors of 1193.
1193
List the prime factors of 4693.
13, 19
List the prime factors of 26311.
83, 317
What are the prime factors of 7442?
2, 61
What are the prime factors of 105090?
2, 3, 5, 31, 113
List the prime factors of 2153.
2153
What are the prime factors of 4802?
2, 7
List the prime factors of 3895.
5, 19, 41
What are the prim